 2695993?
9
What is the millions digit of 16191268?
6
What is the hundred thousands digit of 187850?
1
What is the hundreds digit of 18420409?
4
What is the ten thousands digit of 19305241?
0
What is the thousands digit of 4386830?
6
What is the hundreds digit of 34682?
6
What is the units digit of 6863754?
4
What is the hundreds digit of 105544?
5
What is the units digit of 5052803?
3
What is the hundreds digit of 15195705?
7
What is the hundred thousands digit of 8709440?
7
What is the thousands digit of 2358347?
8
What is the units digit of 17451?
1
What is the hundred thousands digit of 5783528?
7
What is the hundreds digit of 221667?
6
What is the hundred thousands digit of 716397?
7
What is the thousands digit of 4139190?
9
What is the units digit of 3932599?
9
What is the tens digit of 502751?
5
What is the hundred thousands digit of 9130618?
1
What is the tens digit of 263193?
9
What is the units digit of 24371?
1
What is the ten thousands digit of 455659?
5
What is the hundred thousands digit of 3680444?
6
What is the hundred thousands digit of 9040965?
0
What is the hundreds digit of 703068?
0
What is the hundred thousands digit of 1597010?
5
What is the units digit of 592024?
4
What is the hundred thousands digit of 251880?
2
What is the tens digit of 3498103?
0
What is the hundred thousands digit of 131437?
1
What is the hundred thousands digit of 251973?
2
What is the units digit of 16484902?
2
What is the hundreds digit of 157677?
6
What is the thousands digit of 43816?
3
What is the units digit of 206678?
8
What is the units digit of 36733428?
8
What is the units digit of 567258?
8
What is the ten thousands digit of 925919?
2
What is the ten thousands digit of 909785?
0
What is the hundreds digit of 21017666?
6
What is the hundred thousands digit of 444031?
4
What is the thousands digit of 15181481?
1
What is the hundred thousands digit of 5207719?
2
What is the tens digit of 11313423?
2
What is the hundreds digit of 1420297?
2
What is the hundred thousands digit of 565181?
5
What is the hundred thousands digit of 546498?
5
What is the thousands digit of 77103?
7
What is the thousands digit of 1298487?
8
What is the units digit of 841071?
1
What is the hundreds digit of 8623746?
7
What is the ten thousands digit of 5013668?
1
What is the tens digit of 1322754?
5
What is the units digit of 519801?
1
What is the tens digit of 4021664?
6
What is the hundreds digit of 487332?
3
What is the thousands digit of 3954782?
4
What is the hundreds digit of 2140653?
6
What is the millions digit of 3062870?
3
What is the units digit of 3297667?
7
What is the ten thousands digit of 8587120?
8
What is the ten thousands digit of 1637412?
3
What is the thousands digit of 6231560?
1
What is the units digit of 17650460?
0
What is the tens digit of 112717?
1
What is the thousands digit of 1000234?
0
What is the millions digit of 1044738?
1
What is the units digit of 1684914?
4
What is the hundreds digit of 5166703?
7
What is the thousands digit of 638665?
8
What is the ten thousands digit of 359543?
5
What is the units digit of 144886?
6
What is the hundreds digit of 241094?
0
What is the ten thousands digit of 33366?
3
What is the hundred thousands digit of 3387848?
3
What is the thousands digit of 10324085?
4
What is the hundred thousands digit of 18510096?
5
What is the thousands digit of 1782215?
2
What is the tens digit of 423823?
2
What is the units digit of 1794607?
7
What is the tens digit of 1354176?
7
What is the tens digit of 200359?
5
What is the tens digit of 7631867?
6
What is the units digit of 233046?
6
What is the ten thousands digit of 1665727?
6
What is the hundred thousands digit of 469644?
4
What is the tens digit of 9074789?
8
What is the millions digit of 6350898?
6
What is the ten millions digit of 20402890?
2
What is the millions digit of 1074969?
1
What is the tens digit of 967396?
9
What is the tens digit of 847236?
3
What is the ten thousands digit of 6183868?
8
What is the millions digit of 4813210?
4
What is the hundred thousands digit of 17242972?
2
What is the ten thousands digit of 10179193?
7
What is the units digit of 7209282?
2
What is the hundreds digit of 220642?
6
What is the hundreds digit of 551801?
8
What is the hundred thousands digit of 5623829?
6
What is the tens digit of 304651?
5
What is the thousands digit of 175584?
5
What is the units digit of 6824533?
3
What is the ten thousands digit of 1849876?
4
What is the ten thousands digit of 614414?
1
What is the hundred thousands digit of 1857460?
8
What is the units digit of 170138?
8
What is the ten thousands digit of 62860?
6
What is the thousands digit of 8144012?
4
What is the tens digit of 15620498?
9
What is the thousands digit of 9279644?
9
What is the hundreds digit of 171732?
7
What is the millions digit of 4440392?
4
What is the thousands digit of 3058302?
8
What is the tens digit of 12449450?
5
What is the tens digit of 104486?
8
What is the millions digit of 1747527?
1
What is the hundreds digit of 20627737?
7
What is the hundreds digit of 148930?
9
What is the hundred thousands digit of 815639?
8
What is the hundred thousands digit of 183736?
1
What is the thousands digit of 354254?
4
What is the hundreds digit of 5895874?
8
What is the hundred thousands digit of 352952?
3
What is the ten thousands digit of 427276?
2
What is the tens digit of 22187737?
3
What is the ten millions digit of 13648404?
1
What is the millions digit of 18156709?
8
What is the hundred thousands digit of 186224?
1
What is the ten thousands digit of 6099766?
9
What is the units digit of 6635815?
5
What is the ten thousands digit of 919021?
1
What is the units digit of 539087?
7
What is the units digit of 4401056?
6
What is the millions digit of 20897870?
0
What is the hundreds digit of 770915?
9
What is the units digit of 953650?
0
What is the hundreds digit of 8579223?
2
What is the millions digit of 4518503?
4
What is the thousands digit of 20046135?
6
What is the hundred thousands digit of 1136187?
1
What is the ten thousands digit of 134675?
3
What is the tens digit of 1716069?
6
What is the ten thousands digit of 206235?
0
What is the units digit of 523580?
0
What is the units digit of 4773953?
3
What is the tens digit of 9536284?
8
What is the millions digit of 3746203?
3
What is the millions digit of 6588958?
6
What is the ten thousands digit of 1229135?
2
What is the units digit of 173473?
3
What is the ten thousands digit of 41517?
4
What is the ten thousands digit of 1227651?
2
What is the ten millions digit of 17208705?
1
What is the hundred thousands digit of 991396?
9
What is the hundred thousands digit of 34474985?
4
What is the millions digit of 9254377?
9
What is the hundreds digit of 10731383?
3
What is the ten thousands digit of 1122665?
2
What is the hundreds digit of 12008996?
9
What is the millions digit of 4683711?
4
What is the tens digit of 112812?
1
What is the hundred thousands digit of 190623?
1
What is the millions digit of 2352434?
2
What is the hundreds digit of 984533?
5
What is the units digit of 4408330?
0
What is the units digit of 43187?
7
What is the units digit of 581057?
7
What is the hundred thousands digit of 1047545?
0
What is the units digit of 8513987?
7
What is the units digit of 727993?
3
What is the ten thousands digit of 4000374?
0
What is the units digit of 293866?
6
What is the units digit of 275538?
8
What is the hundreds digit of 1536905?
9
What is the hundred thousands digit of 192099?
1
What is the tens digit of 4486294?
9
What is the thousands digit of 307072?
7
What is the hundred thousands digit of 14242574?
2
What is the hundreds digit of 5937989?
9
What is the thousands digit of 1494827?
4
What is the hundred thousands digit of 543260?
5
What is the hundreds digit of 209329?
3
What is the hundreds digit of 41203?
2
What is the hundred thousands digit of 32246486?
2
What is the tens digit of 13098516?
1
What is the ten thousands digit of 1500890?
0
What is the ten thousands digit of 6512587?
1
What is the ten thousands digit of 392271?
9
What is the hundreds digit of 301729?
7
What is the ten thousands digit of 424485?
2
What is the hundred thousands digit of 6028669?
0
What is the hundred thousands digit of 